{"id":306,"date":"2019-10-09T23:00:06","date_gmt":"2019-10-09T21:00:06","guid":{"rendered":"http:\/\/pentagramalatinoamericanoradiofolk.com\/inicio\/?page_id=306"},"modified":"2023-05-11T16:48:26","modified_gmt":"2023-05-11T15:48:26","slug":"podcast-pentagrama-latinoamericano","status":"publish","type":"page","link":"https:\/\/pentagramalatinoamericanoradiofolk.com\/inicio\/podcast-pentagrama-latinoamericano\/","title":{"rendered":"Podcast PENTAGRAMA LATINOAMERICANO"},"content":{"rendered":"\t\t<div data-elementor-type=\"wp-page\" data-elementor-id=\"306\" class=\"elementor elementor-306\">\n\t\t\t\t\t\t<section class=\"elementor-section elementor-top-section elementor-element elementor-element-7957166 elementor-section-full_width elementor-section-height-default elementor-section-height-default\" data-id=\"7957166\" data-element_type=\"section\" data-e-type=\"section\">\n\t\t\t\t\t\t<div class=\"elementor-container elementor-column-gap-default\">\n\t\t\t\t\t<div class=\"elementor-column elementor-col-50 elementor-top-column elementor-element elementor-element-9d80366\" data-id=\"9d80366\" data-element_type=\"column\" data-e-type=\"column\">\n\t\t\t<div class=\"elementor-widget-wrap elementor-element-populated\">\n\t\t\t\t\t\t<div class=\"elementor-element elementor-element-d33f764 elementor-widget__width-initial elementor-widget elementor-widget-image\" data-id=\"d33f764\" data-element_type=\"widget\" data-e-type=\"widget\" data-widget_type=\"image.default\">\n\t\t\t\t<div class=\"elementor-widget-container\">\n\t\t\t\t\t\t\t\t\t\t\t\t<figure class=\"wp-caption\">\n\t\t\t\t\t\t\t\t\t\t<img fetchpriority=\"high\" decoding=\"async\" width=\"1024\" height=\"768\" src=\"https:\/\/pentagramalatinoamericanoradiofolk.com\/inicio\/wp-content\/uploads\/2019\/10\/Podcast-PENTAGRAMA-LATINOAMERICANO-1024x768.gif\" class=\"attachment-large size-large wp-image-264\" alt=\"PENTAGRAMA LATINOAMERICANO Radio Folk\" srcset=\"https:\/\/pentagramalatinoamericanoradiofolk.com\/inicio\/wp-content\/uploads\/2019\/10\/Podcast-PENTAGRAMA-LATINOAMERICANO-1024x768.gif 1024w, https:\/\/pentagramalatinoamericanoradiofolk.com\/inicio\/wp-content\/uploads\/2019\/10\/Podcast-PENTAGRAMA-LATINOAMERICANO-300x225.gif 300w, https:\/\/pentagramalatinoamericanoradiofolk.com\/inicio\/wp-content\/uploads\/2019\/10\/Podcast-PENTAGRAMA-LATINOAMERICANO-768x576.gif 768w, https:\/\/pentagramalatinoamericanoradiofolk.com\/inicio\/wp-content\/uploads\/2019\/10\/Podcast-PENTAGRAMA-LATINOAMERICANO-285x214.gif 285w\" sizes=\"(max-width: 1024px) 100vw, 1024px\" \/>\t\t\t\t\t\t\t\t\t\t\t<figcaption class=\"widget-image-caption wp-caption-text\">Podcast PENTAGRAMA LATINOAMERICANO\nLa Genuina Expresi\u00f3n del Folklore<\/figcaption>\n\t\t\t\t\t\t\t\t\t\t<\/figure>\n\t\t\t\t\t\t\t\t\t<\/div>\n\t\t\t\t<\/div>\n\t\t\t\t\t<\/div>\n\t\t<\/div>\n\t\t\t\t<div class=\"elementor-column elementor-col-50 elementor-top-column elementor-element elementor-element-63913601\" data-id=\"63913601\" data-element_type=\"column\" data-e-type=\"column\">\n\t\t\t<div class=\"elementor-widget-wrap elementor-element-populated\">\n\t\t\t\t\t\t<div class=\"elementor-element elementor-element-5bc2f19e elementor-widget__width-initial elementor-invisible elementor-widget elementor-widget-text-editor\" data-id=\"5bc2f19e\" data-element_type=\"widget\" data-e-type=\"widget\" data-settings=\"{&quot;_animation&quot;:&quot;fadeIn&quot;}\" data-widget_type=\"text-editor.default\">\n\t\t\t\t<div class=\"elementor-widget-container\">\n\t\t\t\t\t\t\t\t\t<p><\/p>\n<h1 id=\"wp-block-themeisle-blocks-advanced-heading-1801bc77\" class=\"wp-block-themeisle-blocks-advanced-heading wp-block-themeisle-blocks-advanced-heading-1801bc77\">Podcast PENTAGRAMA LATINOAMERICANO<\/h1>\n<h2>La Genuina Expresi\u00f3n del Folklore<\/h2>\n<p>La m\u00e1s completa selecci\u00f3n de m\u00fasica de todos los tiempos, interpretada con instrumentos tradicionales de los Andes, como la quena (kena), zampo\u00f1as, sikus, tarkas, charango, etc&#8230; e instrumentos contemporaneos.<\/p>\n<p>\u00a0<\/p>\n<h6><strong>\u2019PENTAGRAMA LATINOAMERICANO\u2019 &#8211; La Genuina Expresi\u00f3n del Folklore<\/strong><\/h6>\n<p>Jueves y Domingos a las 12h00 (hora de Per\u00fa, Colombia y Ecuador) 19h00 (hora de verano en Europa) 18h00 (hora de invierno en Europa) v\u00eda <a href=\"https:\/\/PentagramaLatinoamericanoRadioFolk.com\">PENTAGRAMA LATINOAMERICANO Radio Folk<\/a><\/p>\n<p>================================<\/p>\n<p><a href=\"https:\/\/www.facebook.com\/PentagramaLatinoamericano\">P\u00e1gina Facebook<\/a> \u00a0\u00a0<a href=\"https:\/\/www.facebook.com\/groups\/Pentagrama.Latinoamericano\">Grupo Facebook<\/a><\/p>\n<p>=================================<\/p>\t\t\t\t\t\t\t\t<\/div>\n\t\t\t\t<\/div>\n\t\t\t\t\t<\/div>\n\t\t<\/div>\n\t\t\t\t\t<\/div>\n\t\t<\/section>\n\t\t\t\t<section class=\"elementor-section elementor-top-section elementor-element elementor-element-691ad0b elementor-section-full_width elementor-section-height-default elementor-section-height-default\" data-id=\"691ad0b\" data-element_type=\"section\" data-e-type=\"section\" data-settings=\"{&quot;shape_divider_top&quot;:&quot;mountains&quot;}\">\n\t\t\t\t\t<div class=\"elementor-shape elementor-shape-top\" aria-hidden=\"true\" data-negative=\"false\">\n\t\t\t<svg xmlns=\"http:\/\/www.w3.org\/2000\/svg\" viewBox=\"0 0 1000 100\" preserveAspectRatio=\"none\">\n\t<path class=\"elementor-shape-fill\" opacity=\"0.33\" d=\"M473,67.3c-203.9,88.3-263.1-34-320.3,0C66,119.1,0,59.7,0,59.7V0h1000v59.7 c0,0-62.1,26.1-94.9,29.3c-32.8,3.3-62.8-12.3-75.8-22.1C806,49.6,745.3,8.7,694.9,4.7S492.4,59,473,67.3z\"\/>\n\t<path class=\"elementor-shape-fill\" opacity=\"0.66\" d=\"M734,67.3c-45.5,0-77.2-23.2-129.1-39.1c-28.6-8.7-150.3-10.1-254,39.1 s-91.7-34.4-149.2,0C115.7,118.3,0,39.8,0,39.8V0h1000v36.5c0,0-28.2-18.5-92.1-18.5C810.2,18.1,775.7,67.3,734,67.3z\"\/>\n\t<path class=\"elementor-shape-fill\" d=\"M766.1,28.9c-200-57.5-266,65.5-395.1,19.5C242,1.8,242,5.4,184.8,20.6C128,35.8,132.3,44.9,89.9,52.5C28.6,63.7,0,0,0,0 h1000c0,0-9.9,40.9-83.6,48.1S829.6,47,766.1,28.9z\"\/>\n<\/svg>\t\t<\/div>\n\t\t\t\t\t<div class=\"elementor-container elementor-column-gap-default\">\n\t\t\t\t\t<div class=\"elementor-column elementor-col-100 elementor-top-column elementor-element elementor-element-aef9d4f\" data-id=\"aef9d4f\" data-element_type=\"column\" data-e-type=\"column\">\n\t\t\t<div class=\"elementor-widget-wrap elementor-element-populated\">\n\t\t\t\t\t\t<div class=\"elementor-element elementor-element-062419e elementor-widget elementor-widget-html\" data-id=\"062419e\" data-element_type=\"widget\" data-e-type=\"widget\" data-widget_type=\"html.default\">\n\t\t\t\t<div class=\"elementor-widget-container\">\n\t\t\t\t\t<iframe data-src=\"https:\/\/www.ivoox.com\/player_es_podcast_75492_zp_1.html?c1=210d0f\" width=\"100%\" height=\"400\" frameborder=\"0\" allowfullscreen=\"\" scrolling=\"no\" src=\"data:image\/svg+xml;base64,PHN2ZyB3aWR0aD0iMSIgaGVpZ2h0PSIxIiB4bWxucz0iaHR0cDovL3d3dy53My5vcmcvMjAwMC9zdmciPjwvc3ZnPg==\" class=\"lazyload\" data-load-mode=\"1\"><\/iframe>\t\t\t\t<\/div>\n\t\t\t\t<\/div>\n\t\t\t\t\t<\/div>\n\t\t<\/div>\n\t\t\t\t\t<\/div>\n\t\t<\/section>\n\t\t\t\t<section class=\"elementor-section elementor-top-section elementor-element elementor-element-6b15037 elementor-section-boxed elementor-section-height-default elementor-section-height-default\" data-id=\"6b15037\" data-element_type=\"section\" data-e-type=\"section\">\n\t\t\t\t\t\t<div class=\"elementor-container elementor-column-gap-default\">\n\t\t\t\t\t<div class=\"elementor-column elementor-col-100 elementor-top-column elementor-element elementor-element-0bc6816\" data-id=\"0bc6816\" data-element_type=\"column\" data-e-type=\"column\">\n\t\t\t<div class=\"elementor-widget-wrap elementor-element-populated\">\n\t\t\t\t\t\t<div class=\"elementor-element elementor-element-6b81797 elementor-widget__width-initial elementor-widget elementor-widget-heading\" data-id=\"6b81797\" data-element_type=\"widget\" data-e-type=\"widget\" data-widget_type=\"heading.default\">\n\t\t\t\t<div class=\"elementor-widget-container\">\n\t\t\t\t\t<h2 class=\"elementor-heading-title elementor-size-default\">Escucha PENTAGRAMA LATINOAMERICANO Radio Folk en VIVO !!<\/h2>\t\t\t\t<\/div>\n\t\t\t\t<\/div>\n\t\t\t\t\t<\/div>\n\t\t<\/div>\n\t\t\t\t\t<\/div>\n\t\t<\/section>\n\t\t\t\t<section class=\"elementor-section elementor-top-section elementor-element elementor-element-34db71f elementor-section-boxed elementor-section-height-default elementor-section-height-default\" data-id=\"34db71f\" data-element_type=\"section\" data-e-type=\"section\">\n\t\t\t\t\t\t<div class=\"elementor-container elementor-column-gap-default\">\n\t\t\t\t\t<div class=\"elementor-column elementor-col-100 elementor-top-column elementor-element elementor-element-27ef088\" data-id=\"27ef088\" data-element_type=\"column\" data-e-type=\"column\">\n\t\t\t<div class=\"elementor-widget-wrap elementor-element-populated\">\n\t\t\t\t\t\t<div class=\"elementor-element elementor-element-38f4168 elementor-widget elementor-widget-html\" data-id=\"38f4168\" data-element_type=\"widget\" data-e-type=\"widget\" data-widget_type=\"html.default\">\n\t\t\t\t<div class=\"elementor-widget-container\">\n\t\t\t\t\t<iframe data-src=\"https:\/\/radio.andaina.net\/cp\/widgets\/player\/single\/?p=8072\" height=\"110\" width=\"100%\" scrolling=\"no\" style=\"border:none;\" src=\"data:image\/svg+xml;base64,PHN2ZyB3aWR0aD0iMSIgaGVpZ2h0PSIxIiB4bWxucz0iaHR0cDovL3d3dy53My5vcmcvMjAwMC9zdmciPjwvc3ZnPg==\" class=\"lazyload\" data-load-mode=\"1\"><\/iframe>\n\n<a href=\"https:\/\/radio.andaina.net\/cp\/links.php?p=8072&m=pls\"><img decoding=\"async\" data-src=\"https:\/\/radio.andaina.net\/cp\/inc\/images\/players\/winamp2.png\" border=\"0\" src=\"data:image\/svg+xml;base64,PHN2ZyB3aWR0aD0iMSIgaGVpZ2h0PSIxIiB4bWxucz0iaHR0cDovL3d3dy53My5vcmcvMjAwMC9zdmciPjwvc3ZnPg==\" class=\"lazyload\"><\/a>\n\n<a href=\"https:\/\/radio.andaina.net\/cp\/links.php?p=8072&m=asx\"><img decoding=\"async\" data-src=\"https:\/\/radio.andaina.net\/cp\/inc\/images\/players\/mediaplayer.png\" border=\"0\" src=\"data:image\/svg+xml;base64,PHN2ZyB3aWR0aD0iMSIgaGVpZ2h0PSIxIiB4bWxucz0iaHR0cDovL3d3dy53My5vcmcvMjAwMC9zdmciPjwvc3ZnPg==\" class=\"lazyload\"><\/a>\n\n<a href=\"https:\/\/radio.andaina.net\/cp\/links.php?p=8072&m=pls\"><img decoding=\"async\" data-src=\"https:\/\/radio.andaina.net\/cp\/inc\/images\/players\/vlc.png\" border=\"0\" src=\"data:image\/svg+xml;base64,PHN2ZyB3aWR0aD0iMSIgaGVpZ2h0PSIxIiB4bWxucz0iaHR0cDovL3d3dy53My5vcmcvMjAwMC9zdmciPjwvc3ZnPg==\" class=\"lazyload\"><\/a>\n\n<a href=\"https:\/\/radio.andaina.net\/cp\/links.php?p=8072&m=pls\"><img decoding=\"async\" data-src=\"https:\/\/radio.andaina.net\/cp\/inc\/images\/players\/itunes.png\" border=\"0\" src=\"data:image\/svg+xml;base64,PHN2ZyB3aWR0aD0iMSIgaGVpZ2h0PSIxIiB4bWxucz0iaHR0cDovL3d3dy53My5vcmcvMjAwMC9zdmciPjwvc3ZnPg==\" class=\"lazyload\"><\/a>\n\n<a href=\"https:\/\/radio.andaina.net\/cp\/links.php?p=8072&m=ram\"><img decoding=\"async\" data-src=\"https:\/\/radio.andaina.net\/cp\/inc\/images\/players\/real.png\" border=\"0\" src=\"data:image\/svg+xml;base64,PHN2ZyB3aWR0aD0iMSIgaGVpZ2h0PSIxIiB4bWxucz0iaHR0cDovL3d3dy53My5vcmcvMjAwMC9zdmciPjwvc3ZnPg==\" class=\"lazyload\"><\/a>\n\n<a href=\"https:\/\/radio.andaina.net\/8072\/stream\" target=\"_blank\"><img decoding=\"async\" data-src=\"https:\/\/radio.andaina.net\/cp\/inc\/images\/players\/sslplay.png\" border=\"0\" src=\"data:image\/svg+xml;base64,PHN2ZyB3aWR0aD0iMSIgaGVpZ2h0PSIxIiB4bWxucz0iaHR0cDovL3d3dy53My5vcmcvMjAwMC9zdmciPjwvc3ZnPg==\" class=\"lazyload\"><\/a>\n\n\t\t\t\t<\/div>\n\t\t\t\t<\/div>\n\t\t\t\t\t<\/div>\n\t\t<\/div>\n\t\t\t\t\t<\/div>\n\t\t<\/section>\n\t\t\t\t<\/div>\n\t\t","protected":false},"excerpt":{"rendered":"<p>Podcast PENTAGRAMA LATINOAMERICANO La Genuina Expresi\u00f3n del Folklore<\/p>\n","protected":false},"author":1,"featured_media":264,"parent":0,"menu_order":0,"comment_status":"open","ping_status":"closed","template":"","meta":{"site-sidebar-layout":"default","site-content-layout":"","ast-site-content-layout":"default","site-content-style":"default","site-sidebar-style":"default","ast-global-header-display":"","ast-banner-title-visibility":"","ast-main-header-display":"","ast-hfb-above-header-display":"","ast-hfb-below-header-display":"","ast-hfb-mobile-header-display":"","site-post-title":"","ast-breadcrumbs-content":"","ast-featured-img":"","footer-sml-layout":"","ast-disable-related-posts":"","theme-transparent-header-meta":"","adv-header-id-meta":"","stick-header-meta":"","header-above-stick-meta":"","header-main-stick-meta":"","header-below-stick-meta":"","astra-migrate-meta-layouts":"default","ast-page-background-enabled":"default","ast-page-background-meta":{"desktop":{"background-color":"var(--ast-global-color-4)","background-image":"","background-repeat":"repeat","background-position":"center center","background-size":"auto","background-attachment":"scroll","background-type":"","background-media":"","overlay-type":"","overlay-color":"","overlay-opacity":"","overlay-gradient":""},"tablet":{"background-color":"","background-image":"","background-repeat":"repeat","background-position":"center center","background-size":"auto","background-attachment":"scroll","background-type":"","background-media":"","overlay-type":"","overlay-color":"","overlay-opacity":"","overlay-gradient":""},"mobile":{"background-color":"","background-image":"","background-repeat":"repeat","background-position":"center center","background-size":"auto","background-attachment":"scroll","background-type":"","background-media":"","overlay-type":"","overlay-color":"","overlay-opacity":"","overlay-gradient":""}},"ast-content-background-meta":{"desktop":{"background-color":"var(--ast-global-color-5)","background-image":"","background-repeat":"repeat","background-position":"center center","background-size":"auto","background-attachment":"scroll","background-type":"","background-media":"","overlay-type":"","overlay-color":"","overlay-opacity":"","overlay-gradient":""},"tablet":{"background-color":"var(--ast-global-color-5)","background-image":"","background-repeat":"repeat","background-position":"center center","background-size":"auto","background-attachment":"scroll","background-type":"","background-media":"","overlay-type":"","overlay-color":"","overlay-opacity":"","overlay-gradient":""},"mobile":{"background-color":"var(--ast-global-color-5)","background-image":"","background-repeat":"repeat","background-position":"center center","background-size":"auto","background-attachment":"scroll","background-type":"","background-media":"","overlay-type":"","overlay-color":"","overlay-opacity":"","overlay-gradient":""}},"footnotes":""},"class_list":["post-306","page","type-page","status-publish","has-post-thumbnail","hentry"],"yoast_head":"<!-- This site is optimized with the Yoast SEO plugin v27.5 - https:\/\/yoast.com\/product\/yoast-seo-wordpress\/ -->\n<title>Podcast PENTAGRAMA LATINOAMERICANO Radio Folk<\/title>\n<meta name=\"robots\" content=\"index, follow, max-snippet:-1, max-image-preview:large, max-video-preview:-1\" \/>\n<link rel=\"canonical\" href=\"https:\/\/pentagramalatinoamericanoradiofolk.com\/inicio\/podcast-pentagrama-latinoamericano\/\" \/>\n<meta property=\"og:locale\" content=\"es_ES\" \/>\n<meta property=\"og:type\" content=\"article\" \/>\n<meta property=\"og:title\" content=\"Podcast PENTAGRAMA LATINOAMERICANO Radio Folk\" \/>\n<meta property=\"og:description\" content=\"Podcast PENTAGRAMA LATINOAMERICANO La Genuina Expresi\u00f3n del Folklore\" \/>\n<meta property=\"og:url\" content=\"https:\/\/pentagramalatinoamericanoradiofolk.com\/inicio\/podcast-pentagrama-latinoamericano\/\" \/>\n<meta property=\"og:site_name\" content=\"PENTAGRAMA LATINOAMERICANO Radio Folk\" \/>\n<meta property=\"article:publisher\" content=\"https:\/\/www.facebook.com\/PentagramaLatinoamericano\/\" \/>\n<meta property=\"article:modified_time\" content=\"2023-05-11T15:48:26+00:00\" \/>\n<meta property=\"og:image\" content=\"https:\/\/pentagramalatinoamericanoradiofolk.com\/inicio\/wp-content\/uploads\/2019\/10\/Podcast-PENTAGRAMA-LATINOAMERICANO.gif\" \/>\n\t<meta property=\"og:image:width\" content=\"1024\" \/>\n\t<meta property=\"og:image:height\" content=\"768\" \/>\n\t<meta property=\"og:image:type\" content=\"image\/gif\" \/>\n<meta name=\"twitter:card\" content=\"summary_large_image\" \/>\n<meta name=\"twitter:site\" content=\"@pentagramalatin\" \/>\n<meta name=\"twitter:label1\" content=\"Est. reading time\" \/>\n\t<meta name=\"twitter:data1\" content=\"2 minutos\" \/>\n<script type=\"application\/ld+json\" class=\"yoast-schema-graph\">{\"@context\":\"https:\\\/\\\/schema.org\",\"@graph\":[{\"@type\":\"WebPage\",\"@id\":\"https:\\\/\\\/pentagramalatinoamericanoradiofolk.com\\\/inicio\\\/podcast-pentagrama-latinoamericano\\\/\",\"url\":\"https:\\\/\\\/pentagramalatinoamericanoradiofolk.com\\\/inicio\\\/podcast-pentagrama-latinoamericano\\\/\",\"name\":\"Podcast PENTAGRAMA LATINOAMERICANO Radio Folk\",\"isPartOf\":{\"@id\":\"https:\\\/\\\/pentagramalatinoamericanoradiofolk.com\\\/inicio\\\/#website\"},\"primaryImageOfPage\":{\"@id\":\"https:\\\/\\\/pentagramalatinoamericanoradiofolk.com\\\/inicio\\\/podcast-pentagrama-latinoamericano\\\/#primaryimage\"},\"image\":{\"@id\":\"https:\\\/\\\/pentagramalatinoamericanoradiofolk.com\\\/inicio\\\/podcast-pentagrama-latinoamericano\\\/#primaryimage\"},\"thumbnailUrl\":\"https:\\\/\\\/pentagramalatinoamericanoradiofolk.com\\\/inicio\\\/wp-content\\\/uploads\\\/2019\\\/10\\\/Podcast-PENTAGRAMA-LATINOAMERICANO.gif\",\"datePublished\":\"2019-10-09T21:00:06+00:00\",\"dateModified\":\"2023-05-11T15:48:26+00:00\",\"breadcrumb\":{\"@id\":\"https:\\\/\\\/pentagramalatinoamericanoradiofolk.com\\\/inicio\\\/podcast-pentagrama-latinoamericano\\\/#breadcrumb\"},\"inLanguage\":\"es-PE\",\"potentialAction\":[{\"@type\":\"ReadAction\",\"target\":[\"https:\\\/\\\/pentagramalatinoamericanoradiofolk.com\\\/inicio\\\/podcast-pentagrama-latinoamericano\\\/\"]}]},{\"@type\":\"ImageObject\",\"inLanguage\":\"es-PE\",\"@id\":\"https:\\\/\\\/pentagramalatinoamericanoradiofolk.com\\\/inicio\\\/podcast-pentagrama-latinoamericano\\\/#primaryimage\",\"url\":\"https:\\\/\\\/pentagramalatinoamericanoradiofolk.com\\\/inicio\\\/wp-content\\\/uploads\\\/2019\\\/10\\\/Podcast-PENTAGRAMA-LATINOAMERICANO.gif\",\"contentUrl\":\"https:\\\/\\\/pentagramalatinoamericanoradiofolk.com\\\/inicio\\\/wp-content\\\/uploads\\\/2019\\\/10\\\/Podcast-PENTAGRAMA-LATINOAMERICANO.gif\",\"width\":1024,\"height\":768,\"caption\":\"Podcast PENTAGRAMA LATINOAMERICANO La Genuina Expresi\u00f3n del Folklore\"},{\"@type\":\"BreadcrumbList\",\"@id\":\"https:\\\/\\\/pentagramalatinoamericanoradiofolk.com\\\/inicio\\\/podcast-pentagrama-latinoamericano\\\/#breadcrumb\",\"itemListElement\":[{\"@type\":\"ListItem\",\"position\":1,\"name\":\"Portada\",\"item\":\"https:\\\/\\\/pentagramalatinoamericanoradiofolk.com\\\/inicio\\\/\"},{\"@type\":\"ListItem\",\"position\":2,\"name\":\"Podcast PENTAGRAMA LATINOAMERICANO\"}]},{\"@type\":\"WebSite\",\"@id\":\"https:\\\/\\\/pentagramalatinoamericanoradiofolk.com\\\/inicio\\\/#website\",\"url\":\"https:\\\/\\\/pentagramalatinoamericanoradiofolk.com\\\/inicio\\\/\",\"name\":\"PENTAGRAMA LATINOAMERICANO Radio Folk\",\"description\":\"La Genuina Expresi\u00f3n del Folklore\",\"publisher\":{\"@id\":\"https:\\\/\\\/pentagramalatinoamericanoradiofolk.com\\\/inicio\\\/#organization\"},\"potentialAction\":[{\"@type\":\"SearchAction\",\"target\":{\"@type\":\"EntryPoint\",\"urlTemplate\":\"https:\\\/\\\/pentagramalatinoamericanoradiofolk.com\\\/inicio\\\/?s={search_term_string}\"},\"query-input\":{\"@type\":\"PropertyValueSpecification\",\"valueRequired\":true,\"valueName\":\"search_term_string\"}}],\"inLanguage\":\"es-PE\"},{\"@type\":\"Organization\",\"@id\":\"https:\\\/\\\/pentagramalatinoamericanoradiofolk.com\\\/inicio\\\/#organization\",\"name\":\"PENTAGRAMA LATINOAMERICANO Radio Folk\",\"url\":\"https:\\\/\\\/pentagramalatinoamericanoradiofolk.com\\\/inicio\\\/\",\"logo\":{\"@type\":\"ImageObject\",\"inLanguage\":\"es-PE\",\"@id\":\"https:\\\/\\\/pentagramalatinoamericanoradiofolk.com\\\/inicio\\\/#\\\/schema\\\/logo\\\/image\\\/\",\"url\":\"https:\\\/\\\/pentagramalatinoamericanoradiofolk.com\\\/inicio\\\/wp-content\\\/uploads\\\/2019\\\/10\\\/cropped-PicsArt_06-26-012840.jpg\",\"contentUrl\":\"https:\\\/\\\/pentagramalatinoamericanoradiofolk.com\\\/inicio\\\/wp-content\\\/uploads\\\/2019\\\/10\\\/cropped-PicsArt_06-26-012840.jpg\",\"width\":512,\"height\":512,\"caption\":\"PENTAGRAMA LATINOAMERICANO Radio Folk\"},\"image\":{\"@id\":\"https:\\\/\\\/pentagramalatinoamericanoradiofolk.com\\\/inicio\\\/#\\\/schema\\\/logo\\\/image\\\/\"},\"sameAs\":[\"https:\\\/\\\/www.facebook.com\\\/PentagramaLatinoamericano\\\/\",\"https:\\\/\\\/x.com\\\/pentagramalatin\",\"https:\\\/\\\/www.instagram.com\\\/malki_producciones\\\/\",\"https:\\\/\\\/www.linkedin.com\\\/in\\\/malki-media-4a7474136\\\/\",\"https:\\\/\\\/www.youtube.com\\\/user\\\/malkitv\"]}]}<\/script>\n<!-- \/ Yoast SEO plugin. -->","yoast_head_json":{"title":"Podcast PENTAGRAMA LATINOAMERICANO Radio Folk","robots":{"index":"index","follow":"follow","max-snippet":"max-snippet:-1","max-image-preview":"max-image-preview:large","max-video-preview":"max-video-preview:-1"},"canonical":"https:\/\/pentagramalatinoamericanoradiofolk.com\/inicio\/podcast-pentagrama-latinoamericano\/","og_locale":"es_ES","og_type":"article","og_title":"Podcast PENTAGRAMA LATINOAMERICANO Radio Folk","og_description":"Podcast PENTAGRAMA LATINOAMERICANO La Genuina Expresi\u00f3n del Folklore","og_url":"https:\/\/pentagramalatinoamericanoradiofolk.com\/inicio\/podcast-pentagrama-latinoamericano\/","og_site_name":"PENTAGRAMA LATINOAMERICANO Radio Folk","article_publisher":"https:\/\/www.facebook.com\/PentagramaLatinoamericano\/","article_modified_time":"2023-05-11T15:48:26+00:00","og_image":[{"width":1024,"height":768,"url":"https:\/\/pentagramalatinoamericanoradiofolk.com\/inicio\/wp-content\/uploads\/2019\/10\/Podcast-PENTAGRAMA-LATINOAMERICANO.gif","type":"image\/gif"}],"twitter_card":"summary_large_image","twitter_site":"@pentagramalatin","twitter_misc":{"Est. reading time":"2 minutos"},"schema":{"@context":"https:\/\/schema.org","@graph":[{"@type":"WebPage","@id":"https:\/\/pentagramalatinoamericanoradiofolk.com\/inicio\/podcast-pentagrama-latinoamericano\/","url":"https:\/\/pentagramalatinoamericanoradiofolk.com\/inicio\/podcast-pentagrama-latinoamericano\/","name":"Podcast PENTAGRAMA LATINOAMERICANO Radio Folk","isPartOf":{"@id":"https:\/\/pentagramalatinoamericanoradiofolk.com\/inicio\/#website"},"primaryImageOfPage":{"@id":"https:\/\/pentagramalatinoamericanoradiofolk.com\/inicio\/podcast-pentagrama-latinoamericano\/#primaryimage"},"image":{"@id":"https:\/\/pentagramalatinoamericanoradiofolk.com\/inicio\/podcast-pentagrama-latinoamericano\/#primaryimage"},"thumbnailUrl":"https:\/\/pentagramalatinoamericanoradiofolk.com\/inicio\/wp-content\/uploads\/2019\/10\/Podcast-PENTAGRAMA-LATINOAMERICANO.gif","datePublished":"2019-10-09T21:00:06+00:00","dateModified":"2023-05-11T15:48:26+00:00","breadcrumb":{"@id":"https:\/\/pentagramalatinoamericanoradiofolk.com\/inicio\/podcast-pentagrama-latinoamericano\/#breadcrumb"},"inLanguage":"es-PE","potentialAction":[{"@type":"ReadAction","target":["https:\/\/pentagramalatinoamericanoradiofolk.com\/inicio\/podcast-pentagrama-latinoamericano\/"]}]},{"@type":"ImageObject","inLanguage":"es-PE","@id":"https:\/\/pentagramalatinoamericanoradiofolk.com\/inicio\/podcast-pentagrama-latinoamericano\/#primaryimage","url":"https:\/\/pentagramalatinoamericanoradiofolk.com\/inicio\/wp-content\/uploads\/2019\/10\/Podcast-PENTAGRAMA-LATINOAMERICANO.gif","contentUrl":"https:\/\/pentagramalatinoamericanoradiofolk.com\/inicio\/wp-content\/uploads\/2019\/10\/Podcast-PENTAGRAMA-LATINOAMERICANO.gif","width":1024,"height":768,"caption":"Podcast PENTAGRAMA LATINOAMERICANO La Genuina Expresi\u00f3n del Folklore"},{"@type":"BreadcrumbList","@id":"https:\/\/pentagramalatinoamericanoradiofolk.com\/inicio\/podcast-pentagrama-latinoamericano\/#breadcrumb","itemListElement":[{"@type":"ListItem","position":1,"name":"Portada","item":"https:\/\/pentagramalatinoamericanoradiofolk.com\/inicio\/"},{"@type":"ListItem","position":2,"name":"Podcast PENTAGRAMA LATINOAMERICANO"}]},{"@type":"WebSite","@id":"https:\/\/pentagramalatinoamericanoradiofolk.com\/inicio\/#website","url":"https:\/\/pentagramalatinoamericanoradiofolk.com\/inicio\/","name":"PENTAGRAMA LATINOAMERICANO Radio Folk","description":"La Genuina Expresi\u00f3n del Folklore","publisher":{"@id":"https:\/\/pentagramalatinoamericanoradiofolk.com\/inicio\/#organization"},"potentialAction":[{"@type":"SearchAction","target":{"@type":"EntryPoint","urlTemplate":"https:\/\/pentagramalatinoamericanoradiofolk.com\/inicio\/?s={search_term_string}"},"query-input":{"@type":"PropertyValueSpecification","valueRequired":true,"valueName":"search_term_string"}}],"inLanguage":"es-PE"},{"@type":"Organization","@id":"https:\/\/pentagramalatinoamericanoradiofolk.com\/inicio\/#organization","name":"PENTAGRAMA LATINOAMERICANO Radio Folk","url":"https:\/\/pentagramalatinoamericanoradiofolk.com\/inicio\/","logo":{"@type":"ImageObject","inLanguage":"es-PE","@id":"https:\/\/pentagramalatinoamericanoradiofolk.com\/inicio\/#\/schema\/logo\/image\/","url":"https:\/\/pentagramalatinoamericanoradiofolk.com\/inicio\/wp-content\/uploads\/2019\/10\/cropped-PicsArt_06-26-012840.jpg","contentUrl":"https:\/\/pentagramalatinoamericanoradiofolk.com\/inicio\/wp-content\/uploads\/2019\/10\/cropped-PicsArt_06-26-012840.jpg","width":512,"height":512,"caption":"PENTAGRAMA LATINOAMERICANO Radio Folk"},"image":{"@id":"https:\/\/pentagramalatinoamericanoradiofolk.com\/inicio\/#\/schema\/logo\/image\/"},"sameAs":["https:\/\/www.facebook.com\/PentagramaLatinoamericano\/","https:\/\/x.com\/pentagramalatin","https:\/\/www.instagram.com\/malki_producciones\/","https:\/\/www.linkedin.com\/in\/malki-media-4a7474136\/","https:\/\/www.youtube.com\/user\/malkitv"]}]}},"_links":{"self":[{"href":"https:\/\/pentagramalatinoamericanoradiofolk.com\/inicio\/wp-json\/wp\/v2\/pages\/306","targetHints":{"allow":["GET"]}}],"collection":[{"href":"https:\/\/pentagramalatinoamericanoradiofolk.com\/inicio\/wp-json\/wp\/v2\/pages"}],"about":[{"href":"https:\/\/pentagramalatinoamericanoradiofolk.com\/inicio\/wp-json\/wp\/v2\/types\/page"}],"author":[{"embeddable":true,"href":"https:\/\/pentagramalatinoamericanoradiofolk.com\/inicio\/wp-json\/wp\/v2\/users\/1"}],"replies":[{"embeddable":true,"href":"https:\/\/pentagramalatinoamericanoradiofolk.com\/inicio\/wp-json\/wp\/v2\/comments?post=306"}],"version-history":[{"count":32,"href":"https:\/\/pentagramalatinoamericanoradiofolk.com\/inicio\/wp-json\/wp\/v2\/pages\/306\/revisions"}],"predecessor-version":[{"id":733,"href":"https:\/\/pentagramalatinoamericanoradiofolk.com\/inicio\/wp-json\/wp\/v2\/pages\/306\/revisions\/733"}],"wp:featuredmedia":[{"embeddable":true,"href":"https:\/\/pentagramalatinoamericanoradiofolk.com\/inicio\/wp-json\/wp\/v2\/media\/264"}],"wp:attachment":[{"href":"https:\/\/pentagramalatinoamericanoradiofolk.com\/inicio\/wp-json\/wp\/v2\/media?parent=306"}],"curies":[{"name":"wp","href":"https:\/\/api.w.org\/{rel}","templated":true}]}}