{"id":293,"date":"2019-10-08T03:09:38","date_gmt":"2019-10-08T01:09:38","guid":{"rendered":"http:\/\/pentagramalatinoamericanoradiofolk.com\/inicio\/?page_id=293"},"modified":"2023-05-24T17:16:24","modified_gmt":"2023-05-24T16:16:24","slug":"politica-de-privacidad","status":"publish","type":"page","link":"https:\/\/pentagramalatinoamericanoradiofolk.com\/inicio\/politica-de-privacidad\/","title":{"rendered":"Pol\u00edtica de Privacidad"},"content":{"rendered":"\t\t<div data-elementor-type=\"wp-page\" data-elementor-id=\"293\" class=\"elementor elementor-293\">\n\t\t\t\t\t\t<section class=\"elementor-section elementor-top-section elementor-element elementor-element-db6634 elementor-section-boxed elementor-section-height-default elementor-section-height-default\" data-id=\"db6634\" data-element_type=\"section\" data-e-type=\"section\">\n\t\t\t\t\t\t<div class=\"elementor-container elementor-column-gap-default\">\n\t\t\t\t\t<div class=\"elementor-column elementor-col-100 elementor-top-column elementor-element elementor-element-69dbd432\" data-id=\"69dbd432\" data-element_type=\"column\" data-e-type=\"column\">\n\t\t\t<div class=\"elementor-widget-wrap elementor-element-populated\">\n\t\t\t\t\t\t<div class=\"elementor-element elementor-element-1d40c7a3 elementor-widget elementor-widget-text-editor\" data-id=\"1d40c7a3\" data-element_type=\"widget\" data-e-type=\"widget\" data-widget_type=\"text-editor.default\">\n\t\t\t\t<div class=\"elementor-widget-container\">\n\t\t\t\t\t\t\t\t\t\n<div id=\"wp-block-themeisle-blocks-advanced-columns-e3b4de64\" class=\"wp-block-themeisle-blocks-advanced-columns has-1-columns has-desktop-equal-layout has-tablet-equal-layout has-mobile-equal-layout has-default-gap has-vertical-unset\" style=\"border-radius: 0px; justify-content: unset; border: 0px solid #000000;\">\n<h1 class=\"wp-themeisle-block-overlay\" style=\"opacity: 0.5; mix-blend-mode: normal; text-align: center;\">POL\u00cdTICA DE PRIVACIDAD<\/h1>\n<p class=\"wp-themeisle-block-overlay\" style=\"opacity: 0.5; mix-blend-mode: normal; text-align: center;\">El presente Pol\u00edtica de Privacidad establece los t\u00e9rminos en que <a href=\"https:\/\/PentagramaLatinoamericanoRadioFolk.com\">PENTAGRAMA LATINOAMERICANO Radio Folk<\/a>\u00a0usa y protege la <br \/>informaci\u00f3n que es proporcionada por sus usuarios al momento de utilizar su sitio web. Esta <br \/>compa\u00f1\u00eda est\u00e1 comprometida con la seguridad de los datos de sus usuarios. Cuando le pedimos <br \/>llenar los campos de informaci\u00f3n personal con la cual usted pueda ser identificado, lo hacemos <br \/>asegurando que s\u00f3lo se emplear\u00e1 de acuerdo con los t\u00e9rminos de este documento. Sin embargo <br \/>esta Pol\u00edtica de Privacidad puede cambiar con el tiempo o ser actualizada por lo que le <br \/>recomendamos y enfatizamos revisar continuamente esta p\u00e1gina para asegurarse que est\u00e1 de <br \/>acuerdo con dichos cambios.<\/p>\n<h3 class=\"wp-themeisle-block-overlay\" style=\"opacity: 0.5; mix-blend-mode: normal; text-align: center;\"><br \/>Informaci\u00f3n que es recogida<\/h3>\n<p class=\"wp-themeisle-block-overlay\" style=\"opacity: 0.5; mix-blend-mode: normal; text-align: center;\">Nuestro sitio web podr\u00e1 recoger informaci\u00f3n personal por ejemplo: Nombre, informaci\u00f3n de <br \/>contacto como su direcci\u00f3n de correo electr\u00f3nica e informaci\u00f3n demogr\u00e1fica. As\u00ed mismo cuando <br \/>sea necesario podr\u00e1 ser requerida informaci\u00f3n espec\u00edfica para procesar alg\u00fan pedido o realizar <br \/>una entrega o facturaci\u00f3n.<\/p>\n<h3 class=\"wp-themeisle-block-overlay\" style=\"opacity: 0.5; mix-blend-mode: normal; text-align: center;\"><br \/>Uso de la informaci\u00f3n recogida<\/h3>\n<p class=\"wp-themeisle-block-overlay\" style=\"opacity: 0.5; mix-blend-mode: normal; text-align: center;\">Nuestro sitio web emplea la informaci\u00f3n con el fin de proporcionar el mejor servicio posible, <br \/>particularmente para mantener un registro de usuarios, de pedidos en caso que aplique, y mejorar <br \/>nuestros productos y servicios. Es posible que sean enviados correos electr\u00f3nicos <br \/>peri\u00f3dicamente a trav\u00e9s de nuestro sitio con ofertas especiales, nuevos productos y otra <br \/>informaci\u00f3n publicitaria que consideremos relevante para usted o que pueda brindarle alg\u00fan <br \/>beneficio, estos correos electr\u00f3nicos ser\u00e1n enviados a la direcci\u00f3n que usted proporcione y <br \/>podr\u00e1n ser cancelados en cualquier momento.<br \/><a href=\"https:\/\/PentagramaLatinoamericanoRadioFolk.com\">PENTAGRAMA LATINOAMERICANO Radio Folk<\/a> est\u00e1 altamente comprometido para cumplir con el compromiso de mantener su <br \/>informaci\u00f3n segura. Usamos los sistemas m\u00e1s avanzados y los actualizamos constantemente <br \/>para asegurarnos que no exista ning\u00fan acceso no autorizado.<\/p>\n<p style=\"text-align: center;\">\u00a0<\/p>\n<h3 class=\"wp-themeisle-block-overlay\" style=\"opacity: 0.5; mix-blend-mode: normal; text-align: center;\">Cookies<\/h3>\n<p class=\"wp-themeisle-block-overlay\" style=\"opacity: 0.5; mix-blend-mode: normal; text-align: center;\">Una cookie se refiere a un fichero que es enviado con la finalidad de solicitar permiso para <br \/>almacenarse en su ordenador, al aceptar dicho fichero se crea y la cookie sirve entonces para <br \/>tener informaci\u00f3n respecto al tr\u00e1fico web, y tambi\u00e9n facilita las futuras visitas a una web <br \/>recurrente. Otra funci\u00f3n que tienen las cookies es que con ellas las web pueden reconocerte <br \/>individualmente y por tanto brindarte el mejor servicio personalizado de su web.<\/p>\n<p class=\"wp-themeisle-block-overlay\" style=\"opacity: 0.5; mix-blend-mode: normal; text-align: center;\">Nuestro sitio web emplea las cookies para poder identificar las p\u00e1ginas que son visitadas y su <br \/>frecuencia. Esta informaci\u00f3n es empleada \u00fanicamente para an\u00e1lisis estad\u00edstico y despu\u00e9s la <br \/>informaci\u00f3n se elimina de forma permanente. Usted puede eliminar las cookies en cualquier <br \/>momento desde su ordenador. Sin embargo las cookies ayudan a proporcionar un mejor servicio <br \/>de los sitios web, est\u00e1s no dan acceso a informaci\u00f3n de su ordenador ni de usted, a menos de <br \/>que usted as\u00ed lo quiera y la proporcione directamente, visitas a una web . Usted puede aceptar o <br \/>negar el uso de cookies, sin embargo la mayor\u00eda de navegadores aceptan cookies <br \/>autom\u00e1ticamente pues sirve para tener un mejor servicio web. Tambi\u00e9n usted puede cambiar la <br \/>configuraci\u00f3n de su ordenador para declinar las cookies. Si se declinan es posible que no pueda <br \/>utilizar algunos de nuestros servicios.<\/p>\n<p style=\"text-align: center;\">\u00a0<\/p>\n<h3 class=\"wp-themeisle-block-overlay\" style=\"opacity: 0.5; mix-blend-mode: normal; text-align: center;\">Enlaces a Terceros<\/h3>\n<p class=\"wp-themeisle-block-overlay\" style=\"opacity: 0.5; mix-blend-mode: normal; text-align: center;\">Este sitio web pudiera contener en laces a otros sitios que pudieran ser de su inter\u00e9s. Una vez <br \/>que usted de clic en estos enlaces y abandone nuestra p\u00e1gina, ya no tenemos control sobre al <br \/>sitio al que es redirigido y por lo tanto no somos responsables de los t\u00e9rminos o privacidad ni de la <br \/>protecci\u00f3n de sus datos en esos otros sitios terceros. Dichos sitios est\u00e1n sujetos a sus propias <br \/>pol\u00edticas de privacidad por lo cual es recomendable que los consulte para confirmar que usted <br \/>est\u00e1 de acuerdo con estas.<\/p>\n<p style=\"text-align: center;\">\u00a0<\/p>\n<h3 class=\"wp-themeisle-block-overlay\" style=\"opacity: 0.5; mix-blend-mode: normal; text-align: center;\">Control de su informaci\u00f3n personal<\/h3>\n<p class=\"wp-themeisle-block-overlay\" style=\"opacity: 0.5; mix-blend-mode: normal; text-align: center;\">En cualquier momento usted puede restringir la recopilaci\u00f3n o el uso de la informaci\u00f3n personal <br \/>que es proporcionada a nuestro sitio web. Cada vez que se le solicite rellenar un formulario, <br \/>como el de alta de usuario, puede marcar o desmarcar la opci\u00f3n de recibir informaci\u00f3n por correo <br \/>electr\u00f3nico. En caso de que haya marcado la opci\u00f3n de recibir nuestro bolet\u00edn o publicidad usted <br \/>puede cancelarla en cualquier momento.<\/p>\n<p style=\"text-align: center;\">\u00a0<\/p>\n<p class=\"wp-themeisle-block-overlay\" style=\"opacity: 0.5; mix-blend-mode: normal; text-align: center;\">Esta compa\u00f1\u00eda no vender\u00e1, ceder\u00e1 ni distribuir\u00e1 la informaci\u00f3n personal que es recopilada sin su <br \/>consentimiento, salvo que sea requerido por un juez con un orden judicial.<\/p>\n<p class=\"wp-themeisle-block-overlay\" style=\"opacity: 0.5; mix-blend-mode: normal; text-align: center;\"><br \/><a href=\"https:\/\/PentagramaLatinoamericanoRadioFolk.com\">PENTAGRAMA LATINOAMERICANO Radio Folk<\/a> se reserva el derecho de cambiar los t\u00e9rminos de la presente Pol\u00edtica de <br \/>Privacidad en cualquier momento.<\/p>\n<\/div>\t\t\t\t\t\t\t\t<\/div>\n\t\t\t\t<\/div>\n\t\t\t\t\t<\/div>\n\t\t<\/div>\n\t\t\t\t\t<\/div>\n\t\t<\/section>\n\t\t\t\t<\/div>\n\t\t","protected":false},"excerpt":{"rendered":"","protected":false},"author":1,"featured_media":0,"parent":0,"menu_order":0,"comment_status":"closed","ping_status":"closed","template":"","meta":{"site-sidebar-layout":"default","site-content-layout":"","ast-site-content-layout":"default","site-content-style":"default","site-sidebar-style":"default","ast-global-header-display":"","ast-banner-title-visibility":"","ast-main-header-display":"","ast-hfb-above-header-display":"","ast-hfb-below-header-display":"","ast-hfb-mobile-header-display":"","site-post-title":"","ast-breadcrumbs-content":"","ast-featured-img":"","footer-sml-layout":"","ast-disable-related-posts":"","theme-transparent-header-meta":"","adv-header-id-meta":"","stick-header-meta":"","header-above-stick-meta":"","header-main-stick-meta":"","header-below-stick-meta":"","astra-migrate-meta-layouts":"default","ast-page-background-enabled":"default","ast-page-background-meta":{"desktop":{"background-color":"var(--ast-global-color-4)","background-image":"","background-repeat":"repeat","background-position":"center center","background-size":"auto","background-attachment":"scroll","background-type":"","background-media":"","overlay-type":"","overlay-color":"","overlay-opacity":"","overlay-gradient":""},"tablet":{"background-color":"","background-image":"","background-repeat":"repeat","background-position":"center center","background-size":"auto","background-attachment":"scroll","background-type":"","background-media":"","overlay-type":"","overlay-color":"","overlay-opacity":"","overlay-gradient":""},"mobile":{"background-color":"","background-image":"","background-repeat":"repeat","background-position":"center center","background-size":"auto","background-attachment":"scroll","background-type":"","background-media":"","overlay-type":"","overlay-color":"","overlay-opacity":"","overlay-gradient":""}},"ast-content-background-meta":{"desktop":{"background-color":"var(--ast-global-color-5)","background-image":"","background-repeat":"repeat","background-position":"center center","background-size":"auto","background-attachment":"scroll","background-type":"","background-media":"","overlay-type":"","overlay-color":"","overlay-opacity":"","overlay-gradient":""},"tablet":{"background-color":"var(--ast-global-color-5)","background-image":"","background-repeat":"repeat","background-position":"center center","background-size":"auto","background-attachment":"scroll","background-type":"","background-media":"","overlay-type":"","overlay-color":"","overlay-opacity":"","overlay-gradient":""},"mobile":{"background-color":"var(--ast-global-color-5)","background-image":"","background-repeat":"repeat","background-position":"center center","background-size":"auto","background-attachment":"scroll","background-type":"","background-media":"","overlay-type":"","overlay-color":"","overlay-opacity":"","overlay-gradient":""}},"footnotes":""},"class_list":["post-293","page","type-page","status-publish","hentry"],"yoast_head":"<!-- This site is optimized with the Yoast SEO plugin v27.5 - https:\/\/yoast.com\/product\/yoast-seo-wordpress\/ -->\n<title>Pol\u00edtica de Privacidad - PENTAGRAMA LATINOAMERICANO Radio Folk<\/title>\n<meta name=\"robots\" content=\"noindex, follow\" \/>\n<meta property=\"og:locale\" content=\"es_ES\" \/>\n<meta property=\"og:type\" content=\"article\" \/>\n<meta property=\"og:title\" content=\"Pol\u00edtica de Privacidad - PENTAGRAMA LATINOAMERICANO Radio Folk\" \/>\n<meta property=\"og:url\" content=\"https:\/\/pentagramalatinoamericanoradiofolk.com\/inicio\/politica-de-privacidad\/\" \/>\n<meta property=\"og:site_name\" content=\"PENTAGRAMA LATINOAMERICANO Radio Folk\" \/>\n<meta property=\"article:publisher\" content=\"https:\/\/www.facebook.com\/PentagramaLatinoamericano\/\" \/>\n<meta property=\"article:modified_time\" content=\"2023-05-24T16:16:24+00:00\" \/>\n<meta name=\"twitter:card\" content=\"summary_large_image\" \/>\n<meta name=\"twitter:site\" content=\"@pentagramalatin\" \/>\n<meta name=\"twitter:label1\" content=\"Est. reading time\" \/>\n\t<meta name=\"twitter:data1\" content=\"4 minutos\" \/>\n<script type=\"application\/ld+json\" class=\"yoast-schema-graph\">{\"@context\":\"https:\\\/\\\/schema.org\",\"@graph\":[{\"@type\":\"WebPage\",\"@id\":\"https:\\\/\\\/pentagramalatinoamericanoradiofolk.com\\\/inicio\\\/politica-de-privacidad\\\/\",\"url\":\"https:\\\/\\\/pentagramalatinoamericanoradiofolk.com\\\/inicio\\\/politica-de-privacidad\\\/\",\"name\":\"Pol\u00edtica de Privacidad - PENTAGRAMA LATINOAMERICANO Radio Folk\",\"isPartOf\":{\"@id\":\"https:\\\/\\\/pentagramalatinoamericanoradiofolk.com\\\/inicio\\\/#website\"},\"datePublished\":\"2019-10-08T01:09:38+00:00\",\"dateModified\":\"2023-05-24T16:16:24+00:00\",\"breadcrumb\":{\"@id\":\"https:\\\/\\\/pentagramalatinoamericanoradiofolk.com\\\/inicio\\\/politica-de-privacidad\\\/#breadcrumb\"},\"inLanguage\":\"es-PE\",\"potentialAction\":[{\"@type\":\"ReadAction\",\"target\":[\"https:\\\/\\\/pentagramalatinoamericanoradiofolk.com\\\/inicio\\\/politica-de-privacidad\\\/\"]}]},{\"@type\":\"BreadcrumbList\",\"@id\":\"https:\\\/\\\/pentagramalatinoamericanoradiofolk.com\\\/inicio\\\/politica-de-privacidad\\\/#breadcrumb\",\"itemListElement\":[{\"@type\":\"ListItem\",\"position\":1,\"name\":\"Portada\",\"item\":\"https:\\\/\\\/pentagramalatinoamericanoradiofolk.com\\\/inicio\\\/\"},{\"@type\":\"ListItem\",\"position\":2,\"name\":\"POL\u00cdTICA DE PRIVACIDAD\"}]},{\"@type\":\"WebSite\",\"@id\":\"https:\\\/\\\/pentagramalatinoamericanoradiofolk.com\\\/inicio\\\/#website\",\"url\":\"https:\\\/\\\/pentagramalatinoamericanoradiofolk.com\\\/inicio\\\/\",\"name\":\"PENTAGRAMA LATINOAMERICANO Radio Folk\",\"description\":\"La Genuina Expresi\u00f3n del Folklore\",\"publisher\":{\"@id\":\"https:\\\/\\\/pentagramalatinoamericanoradiofolk.com\\\/inicio\\\/#organization\"},\"potentialAction\":[{\"@type\":\"SearchAction\",\"target\":{\"@type\":\"EntryPoint\",\"urlTemplate\":\"https:\\\/\\\/pentagramalatinoamericanoradiofolk.com\\\/inicio\\\/?s={search_term_string}\"},\"query-input\":{\"@type\":\"PropertyValueSpecification\",\"valueRequired\":true,\"valueName\":\"search_term_string\"}}],\"inLanguage\":\"es-PE\"},{\"@type\":\"Organization\",\"@id\":\"https:\\\/\\\/pentagramalatinoamericanoradiofolk.com\\\/inicio\\\/#organization\",\"name\":\"PENTAGRAMA LATINOAMERICANO Radio Folk\",\"url\":\"https:\\\/\\\/pentagramalatinoamericanoradiofolk.com\\\/inicio\\\/\",\"logo\":{\"@type\":\"ImageObject\",\"inLanguage\":\"es-PE\",\"@id\":\"https:\\\/\\\/pentagramalatinoamericanoradiofolk.com\\\/inicio\\\/#\\\/schema\\\/logo\\\/image\\\/\",\"url\":\"https:\\\/\\\/pentagramalatinoamericanoradiofolk.com\\\/inicio\\\/wp-content\\\/uploads\\\/2019\\\/10\\\/cropped-PicsArt_06-26-012840.jpg\",\"contentUrl\":\"https:\\\/\\\/pentagramalatinoamericanoradiofolk.com\\\/inicio\\\/wp-content\\\/uploads\\\/2019\\\/10\\\/cropped-PicsArt_06-26-012840.jpg\",\"width\":512,\"height\":512,\"caption\":\"PENTAGRAMA LATINOAMERICANO Radio Folk\"},\"image\":{\"@id\":\"https:\\\/\\\/pentagramalatinoamericanoradiofolk.com\\\/inicio\\\/#\\\/schema\\\/logo\\\/image\\\/\"},\"sameAs\":[\"https:\\\/\\\/www.facebook.com\\\/PentagramaLatinoamericano\\\/\",\"https:\\\/\\\/x.com\\\/pentagramalatin\",\"https:\\\/\\\/www.instagram.com\\\/malki_producciones\\\/\",\"https:\\\/\\\/www.linkedin.com\\\/in\\\/malki-media-4a7474136\\\/\",\"https:\\\/\\\/www.youtube.com\\\/user\\\/malkitv\"]}]}<\/script>\n<!-- \/ Yoast SEO plugin. -->","yoast_head_json":{"title":"Pol\u00edtica de Privacidad - PENTAGRAMA LATINOAMERICANO Radio Folk","robots":{"index":"noindex","follow":"follow"},"og_locale":"es_ES","og_type":"article","og_title":"Pol\u00edtica de Privacidad - PENTAGRAMA LATINOAMERICANO Radio Folk","og_url":"https:\/\/pentagramalatinoamericanoradiofolk.com\/inicio\/politica-de-privacidad\/","og_site_name":"PENTAGRAMA LATINOAMERICANO Radio Folk","article_publisher":"https:\/\/www.facebook.com\/PentagramaLatinoamericano\/","article_modified_time":"2023-05-24T16:16:24+00:00","twitter_card":"summary_large_image","twitter_site":"@pentagramalatin","twitter_misc":{"Est. reading time":"4 minutos"},"schema":{"@context":"https:\/\/schema.org","@graph":[{"@type":"WebPage","@id":"https:\/\/pentagramalatinoamericanoradiofolk.com\/inicio\/politica-de-privacidad\/","url":"https:\/\/pentagramalatinoamericanoradiofolk.com\/inicio\/politica-de-privacidad\/","name":"Pol\u00edtica de Privacidad - PENTAGRAMA LATINOAMERICANO Radio Folk","isPartOf":{"@id":"https:\/\/pentagramalatinoamericanoradiofolk.com\/inicio\/#website"},"datePublished":"2019-10-08T01:09:38+00:00","dateModified":"2023-05-24T16:16:24+00:00","breadcrumb":{"@id":"https:\/\/pentagramalatinoamericanoradiofolk.com\/inicio\/politica-de-privacidad\/#breadcrumb"},"inLanguage":"es-PE","potentialAction":[{"@type":"ReadAction","target":["https:\/\/pentagramalatinoamericanoradiofolk.com\/inicio\/politica-de-privacidad\/"]}]},{"@type":"BreadcrumbList","@id":"https:\/\/pentagramalatinoamericanoradiofolk.com\/inicio\/politica-de-privacidad\/#breadcrumb","itemListElement":[{"@type":"ListItem","position":1,"name":"Portada","item":"https:\/\/pentagramalatinoamericanoradiofolk.com\/inicio\/"},{"@type":"ListItem","position":2,"name":"POL\u00cdTICA DE PRIVACIDAD"}]},{"@type":"WebSite","@id":"https:\/\/pentagramalatinoamericanoradiofolk.com\/inicio\/#website","url":"https:\/\/pentagramalatinoamericanoradiofolk.com\/inicio\/","name":"PENTAGRAMA LATINOAMERICANO Radio Folk","description":"La Genuina Expresi\u00f3n del Folklore","publisher":{"@id":"https:\/\/pentagramalatinoamericanoradiofolk.com\/inicio\/#organization"},"potentialAction":[{"@type":"SearchAction","target":{"@type":"EntryPoint","urlTemplate":"https:\/\/pentagramalatinoamericanoradiofolk.com\/inicio\/?s={search_term_string}"},"query-input":{"@type":"PropertyValueSpecification","valueRequired":true,"valueName":"search_term_string"}}],"inLanguage":"es-PE"},{"@type":"Organization","@id":"https:\/\/pentagramalatinoamericanoradiofolk.com\/inicio\/#organization","name":"PENTAGRAMA LATINOAMERICANO Radio Folk","url":"https:\/\/pentagramalatinoamericanoradiofolk.com\/inicio\/","logo":{"@type":"ImageObject","inLanguage":"es-PE","@id":"https:\/\/pentagramalatinoamericanoradiofolk.com\/inicio\/#\/schema\/logo\/image\/","url":"https:\/\/pentagramalatinoamericanoradiofolk.com\/inicio\/wp-content\/uploads\/2019\/10\/cropped-PicsArt_06-26-012840.jpg","contentUrl":"https:\/\/pentagramalatinoamericanoradiofolk.com\/inicio\/wp-content\/uploads\/2019\/10\/cropped-PicsArt_06-26-012840.jpg","width":512,"height":512,"caption":"PENTAGRAMA LATINOAMERICANO Radio Folk"},"image":{"@id":"https:\/\/pentagramalatinoamericanoradiofolk.com\/inicio\/#\/schema\/logo\/image\/"},"sameAs":["https:\/\/www.facebook.com\/PentagramaLatinoamericano\/","https:\/\/x.com\/pentagramalatin","https:\/\/www.instagram.com\/malki_producciones\/","https:\/\/www.linkedin.com\/in\/malki-media-4a7474136\/","https:\/\/www.youtube.com\/user\/malkitv"]}]}},"_links":{"self":[{"href":"https:\/\/pentagramalatinoamericanoradiofolk.com\/inicio\/wp-json\/wp\/v2\/pages\/293","targetHints":{"allow":["GET"]}}],"collection":[{"href":"https:\/\/pentagramalatinoamericanoradiofolk.com\/inicio\/wp-json\/wp\/v2\/pages"}],"about":[{"href":"https:\/\/pentagramalatinoamericanoradiofolk.com\/inicio\/wp-json\/wp\/v2\/types\/page"}],"author":[{"embeddable":true,"href":"https:\/\/pentagramalatinoamericanoradiofolk.com\/inicio\/wp-json\/wp\/v2\/users\/1"}],"replies":[{"embeddable":true,"href":"https:\/\/pentagramalatinoamericanoradiofolk.com\/inicio\/wp-json\/wp\/v2\/comments?post=293"}],"version-history":[{"count":7,"href":"https:\/\/pentagramalatinoamericanoradiofolk.com\/inicio\/wp-json\/wp\/v2\/pages\/293\/revisions"}],"predecessor-version":[{"id":847,"href":"https:\/\/pentagramalatinoamericanoradiofolk.com\/inicio\/wp-json\/wp\/v2\/pages\/293\/revisions\/847"}],"wp:attachment":[{"href":"https:\/\/pentagramalatinoamericanoradiofolk.com\/inicio\/wp-json\/wp\/v2\/media?parent=293"}],"curies":[{"name":"wp","href":"https:\/\/api.w.org\/{rel}","templated":true}]}}